{"id":101,"date":"2023-03-17T17:27:52","date_gmt":"2023-03-17T17:27:52","guid":{"rendered":"https:\/\/maisondelaparole.alwaysdata.net\/?page_id=101"},"modified":"2023-03-17T18:08:27","modified_gmt":"2023-03-17T18:08:27","slug":"vie-quotidienne","status":"publish","type":"page","link":"https:\/\/maisondelaparole.alwaysdata.net\/index.php\/vie-quotidienne\/","title":{"rendered":"VIE QUOTIDIENNE"},"content":{"rendered":"\n<p class=\"has-text-align-center has-large-font-size\">La maison propose une pension compl\u00e8te dans une ambiance conviviale et familiale.<\/p>\n\n\n\n<h2 class=\"has-large-font-size wp-block-heading\">HORAIRES DES REPAS<\/h2>\n\n\n\n<figure class=\"wp-block-table\"><table><tbody><tr><td><strong>PETIT DEJEUNER<\/strong><\/td><td>\u00e0 partir de 7H45 et jusqu&rsquo;\u00e0 9h00<\/td><\/tr><tr><td><strong>DEJEUNER<\/strong><\/td><td>12H30<\/td><\/tr><tr><td><strong>DINER<\/strong><\/td><td>19H00<\/td><\/tr><\/tbody><\/table><\/figure>\n","protected":false},"excerpt":{"rendered":"<p>La maison propose une pension compl\u00e8te dans une ambiance conviviale et familiale. HORAIRES DES REPAS PETIT DEJEUNER \u00e0 partir de 7H45 et jusqu&rsquo;\u00e0 9h00 DEJEUNER &hellip;<\/p>\n","protected":false},"author":1,"featured_media":0,"parent":0,"menu_order":0,"comment_status":"closed","ping_status":"closed","template":"","meta":{"footnotes":""},"class_list":["post-101","page","type-page","status-publish","hentry"],"_links":{"self":[{"href":"https:\/\/maisondelaparole.alwaysdata.net\/index.php\/wp-json\/wp\/v2\/pages\/101","targetHints":{"allow":["GET"]}}],"collection":[{"href":"https:\/\/maisondelaparole.alwaysdata.net\/index.php\/wp-json\/wp\/v2\/pages"}],"about":[{"href":"https:\/\/maisondelaparole.alwaysdata.net\/index.php\/wp-json\/wp\/v2\/types\/page"}],"author":[{"embeddable":true,"href":"https:\/\/maisondelaparole.alwaysdata.net\/index.php\/wp-json\/wp\/v2\/users\/1"}],"replies":[{"embeddable":true,"href":"https:\/\/maisondelaparole.alwaysdata.net\/index.php\/wp-json\/wp\/v2\/comments?post=101"}],"version-history":[{"count":2,"href":"https:\/\/maisondelaparole.alwaysdata.net\/index.php\/wp-json\/wp\/v2\/pages\/101\/revisions"}],"predecessor-version":[{"id":120,"href":"https:\/\/maisondelaparole.alwaysdata.net\/index.php\/wp-json\/wp\/v2\/pages\/101\/revisions\/120"}],"wp:attachment":[{"href":"https:\/\/maisondelaparole.alwaysdata.net\/index.php\/wp-json\/wp\/v2\/media?parent=101"}],"curies":[{"name":"wp","href":"https:\/\/api.w.org\/{rel}","templated":true}]}}

<p class="has-text-align-center has-large-font-size">La maison propose une pension complète dans une ambiance conviviale et familiale.</p>



<h2 class="has-large-font-size wp-block-heading">HORAIRES DES REPAS</h2>



<figure class="wp-block-table"><table><tbody><tr><td><strong>PETIT DEJEUNER</strong></td><td>à partir de 7H45 et jusqu&rsquo;à 9h00</td></tr><tr><td><strong>DEJEUNER</strong></td><td>12H30</td></tr><tr><td><strong>DINER</strong></td><td>19H00</td></tr></tbody></table></figure>

<p>La maison propose une pension complète dans une ambiance conviviale et familiale. HORAIRES DES REPAS PETIT DEJEUNER à partir de 7H45 et jusqu&rsquo;à 9h00 DEJEUNER &hellip;</p>
